*b. What is the tens digit of f?
9
Suppose -2*r = h - 12, -2*r - h = -6*h - 12. Suppose 0*s + r = 2*s. Suppose -s*p - 2*p = -20. What is the units digit of p?
4
Let h = -17 + 5. Let k(b) = -3*b - 11. What is the units digit of k(h)?
5
Let q(n) = 0 - 5 + 1 - 3*n. Suppose 2*d + d = -15. What is the units digit of q(d)?
1
Let o(j) = -j**2 + 9*j - 1. Suppose -5*m + 4 = -4*m. Let i(x) = x**2 - 8*x. Let t(w) = m*i(w) + 3*o(w). What is the units digit of t(6)?
3
What is the units digit of 2/3 + (-275)/(-33)?
9
What is the hundreds digit of (-1 - -223)*3/2?
3
What is the units digit of (46*6/(-48))/((-2)/8)?
3
Let z(t) = -t**3 - 10*t**2 - 10*t - 13. Let j be z(-9). What is the tens digit of 52*((-14)/j)/7?
2
Let q = 197 - 45. What is the units digit of q?
2
Let j(v) = -2*v - 12. What is the units digit of j(-14)?
6
Let p = 12 + -7. Suppose 0 = -2*b + p*b. Suppose 5*i - 24 = -m - b*m, 0 = -4*i - 3*m + 28. What is the units digit of i?
4
Let f(i) be the second derivative of i**5/20 - 5*i**4/12 - 7*i**3/6 + 4*i**2 - i. Let j = 6 - 0. What is the units digit of f(j)?
2
Let t = -126 - -185. Suppose -4*f + 6*p + t = 5*p, -2*f + 22 = -2*p. What is the tens digit of f?
1
Let h(c) = 7*c - 5 - 4*c + 0*c - 2*c. Let s(z) = 3*z - 14. Let x(a) = -11*h(a) + 4*s(a). What is the units digit of x(10)?
9
Suppose 2*d - 4*d + 38 = 0. Let b = d + -37. Let m = -10 - b. What is the units digit of m?
8
Suppose -2*x = 2*x + 64. What is the units digit of x*((-1)/2 - 1)?
4
Suppose 0 = 3*s - 139 - 50. What is the tens digit of s?
6
Let l(x) = -4 - 1 - 4*x + x**3 - 2*x + 3*x**2. Let o be l(-4). Suppose o*n - 7 = -n + i, -4*i - 12 = 0. What is the units digit of n?
1
Let g = -7 + 4. What is the tens digit of (-272)/(-6) - (-4)/g?
4
Suppose -5*x - 4*v + 363 = 0, 0 = -4*x - 3*v + 236 + 54. What is the tens digit of x?
7
What is the hundreds digit of 2148/126*6 + (-2)/7?
1
Let r(t) = t**2 - t - 2. What is the units digit of r(6)?
8
Let z(r) be the second derivative of r**5/20 - 4*r**4/3 + 8*r**3/3 + 3*r**2/2 + r. What is the units digit of z(15)?
8
Suppose a = -3*r + 3*a + 12, -5*a = 5*r - 45. Let p = 7 - r. What is the units digit of p?
1
Let y = -46 + -4. Let z = -24 - y. What is the units digit of z?
6
Let b(y) = -y**2 + 5*y - 2. Let n be b(2). Suppose 2*r - 3 = w, -n*w = 2*r - 21 - 17. Let h(j) = j**3 - 8*j**2 + 10*j - 10. What is the units digit of h(w)?
1
Let w = 114 - -71. Suppose -55 = 2*f - w. What is the units digit of f/7 + (-10)/35?
9
Suppose -5*z = -3*u - 37, -15 = -5*z + 3*z + u. Let w = z + 3. What is the units digit of w?
1
Let d be -2*(0 + -2 - -1). Suppose -d*p = -3*n - 15, 8 = 3*p - 3*n - 10. Suppose -c + p*c = -4*h + 30, 9 = 3*h. What is the units digit of c?
9
Let w(j) = 9*j - 3. Suppose -2*a = -4*a + 6. What is the units digit of w(a)?
4
Let h = 16 - 10. What is the units digit of h?
6
Suppose -a + 3 = 4*y - 2*y, 0 = 3*a + y - 4. What is the units digit of 3*(a/3 + 1)?
4
Suppose -5*f = -m + 7, -3*m + 11 = -5*f - 0*m. What is the units digit of 24 + -1 - -2 - f?
6
Let y be (-2)/(-2) - (3 + -6). Let b(v) = 2 + y + 0*v**3 + 5*v**2 + v**3. What is the units digit of b(-5)?
6
Let n = 9 - 9. Let t be (-4)/((-12)/(-9)) - n. Let w(y) = 2*y**2 + 2*y - 1. What is the units digit of w(t)?
1
Suppose -4*p - 3 + 11 = 0. Suppose -m - 4*o = -2*m + 16, -5*m - p*o + 14 = 0. Suppose -3*k = -3*r + 39, 5*k + 37 = m*r - 12. What is the units digit of r?
6
Suppose -3*u - 4*q + 20 = 1, -4*u = 2*q - 12. Let m = u - 2. Let i(l) = 3*l**2. What is the units digit of i(m)?
3
Let n(v) = 3*v + v**2 - v + v + 2. What is the units digit of n(-3)?
2
Suppose -3*o - 3*p + 12 = 0, -2*o - 3*o + 2*p = -6. Let u be 30/(-8)*8/o. Let h = -8 - u. What is the units digit of h?
7
Let n be (-4 - -3)*(-1 - -2). Let g = 2 - n. Let c = g + -1. What is the units digit of c?
2
Let t = -63 - -173. What is the hundreds digit of t?
1
Let i(b) = b**2 + 5*b + 6. Suppose -v + 3 = 7. What is the units digit of i(v)?
2
Let l(q) = -q**2 - 3*q + 2. Suppose 2 = t, -4*o + 3*t - 24 = -6. Let y be l(o). What is the units digit of ((-3)/y)/(6/(-16))?
4
Let n(f) = f**2 + 5*f - 13. What is the units digit of n(-9)?
3
Suppose 4*p - o - 10 = 0, p + 4*o + 6 + 0 = 0. Suppose 6 = p*l - 4*a + 2*a, 0 = -4*l - 4*a - 4. What is the units digit of l?
1
Suppose -2*f = -s - 132, -4*f + s + 316 = 52. What is the tens digit of f?
6
Suppose -5 = -5*m - 35. Let h = m - -7. What is the units digit of h?
1
Let z = 223 + -152. What is the units digit of z?
1
Suppose -7 = -2*p + 3*p - m, 5*p + 41 = 3*m. What is the tens digit of (-13)/65 + (-212)/p?
2
Let x be (0/(-1) - 0) + 38. Suppose 3*g + 5*k = 5 + x, 3*k - 13 = -g. What is the tens digit of g?
1
Let i(b) = 2*b - 13. Let o be i(7). Let q(n) = 29*n - 1. What is the tens digit of q(o)?
2
Let d = 8 - 6. Let n(g) = 4*g + 5. Let t(a) = a + 1. Let c(s) = -n(s) + 5*t(s). What is the units digit of c(d)?
2
Suppose u + 2 = -0*a + 2*a, 4*u = -5*a + 31. Suppose 4*q + 180 = u*z, -z - 86 = -3*z - 2*q. What is the tens digit of z?
4
Let k(h) = h**2 + 10*h + 10. Let m be k(-8). Let y be 8/m - (-3)/9. What is the units digit of 4/6*(y - -7)?
4
Suppose -2*n + 59 + 3 = 4*k, -2*k = 3*n - 109. What is the units digit of n?
9
Suppose -2*j = -j - 2. Suppose j*n - 8 - 4 = 0. What is the units digit of n?
6
Suppose -5*h = -w - 11, -6 = -h + w + 3*w. Suppose 5*s = -2*d + d, 3*s - h = -d. What is the units digit of d?
5
Let k(w) = w**3 + 8*w**2 + 2*w + 4. Let n be k(-8). Let m = -30 - n. Let i = m - -35. What is the tens digit of i?
1
Let x(v) = 22*v**2 + 6*v + 6. What is the tens digit of x(-2)?
8
Let v(m) = m**3 + 8*m**2 - 10*m - 9. Let s be v(-9). Suppose -26 = z - 2*z - x, -5*z - 2*x + 121 = s. What is the tens digit of z?
2
Let a be 2*-2*(-1)/(-4). Let o be (1*(-35 - a))/(-2). Suppose 2*k - 3*g - o = 0, g = 5*k - g - 15. What is the units digit of k?
1
Let q be (-42)/(-11) + 4/22. Suppose -q*l - 42 = -10. What is the tens digit of (18/(-5))/(l/40)?
1
Let h(y) = 2*y**3 - 4*y**3 - 4 + 73*y**2 - 74*y**2 + 0. What is the units digit of h(-3)?
1
Let w(c) = -c**3 - 12*c**2 + 17. What is the units digit of w(-12)?
7
Let n(y) = -10*y - 35. What is the units digit of n(-12)?
5
Let x = -492 - -816. What is the tens digit of (-1)/(-2) - x/(-8)?
4
Let t = -583 - -840. What is the hundreds digit of t?
2
Let c(f) = -f**3 + f**2 + 8*f + 1. Let k(i) = i**3 - 7*i - 2. Let r(u) = -3*c(u) - 4*k(u). Suppose -5*v = 24 - 4. What is the units digit of r(v)?
5
Let m(u) = u - 1. Suppose 0 = -5*c - 3*p + 16, 8*c = 3*c + p + 28. What is the units digit of m(c)?
4
Suppose 0 = -l + 5, -6*l + 3*l = 4*i - 279. What is the tens digit of i?
6
Let t = 134 - 74. Suppose -z = 4*z - t. What is the tens digit of z?
1
Suppose -x + 77 = 4*v, 5*v - 189 = -3*x + 35. Let h = -29 + x. What is the units digit of h?
4
Let u(m) = -191*m**3 + 2*m**2 + 2*m + 1. Let n be u(-1). Suppose 0 = z - 4*z + n. Suppose 7*f = j + 3*f - 7, -2*f = 4*j - z. What is the tens digit of j?
1
What is the units digit of 6/15 - (-16)/10?
2
Let w = -7 + 17. Let r(g) = -g**2 + 12*g - 5. What is the tens digit of r(w)?
1
Let l = -5 - -4. Let y be l - (40 + 1 + 0). What is the units digit of (4/(-6))/(4/y)?
7
Let g(o) = -o - 5. Let n be g(-8). Let p = -3 + n. Suppose 3*d + 0*d - 12 = p. What is the units digit of d?
4
Let c = 59 + -27. What is the units digit of c?
2
Let j = -35 + 62. What is the units digit of j?
7
Suppose 2*g = 5*g, -2*g = 3*w - 402. What is the tens digit of w?
3
Let k(s) = 13*s - 56. What is the units digit of k(15)?
9
Let q(r) = 1. Let v(g) = g + 13. Let i(o) = -2*q(o) + v(o). Let y be i(-7). Suppose -56 = -0*a - y*a. What is the tens digit of a?
1
Suppose 2*c = 3*c. Let g(p) = -p - 1. Let w be g(c). What is the units digit of (0 + 10)*w/(-2)?
5
Let v = 31 - 6. What is the tens digit of 0 - (3 - v - -1)?
2
Let x = -2 - -7. Suppose 5*o - q - 50 = 0, -x*o + 0*q + 2*q = -55. Suppose -k = -2*k + o. What is the units digit of k?
9
Let k(b) = 30*b - 21. Let t be k(6). Suppose 4*c = c + t. What is the units digit of c?
3
Let l(v) = v**3 + v**2 - 4*v - 3. Let s = -3 + 1. What is the units digit of l(s)?
1
Let v be (0 - -47) + -4 - 3. Suppose 3 = h - v. What is the tens digit of h?
4
Let a(c) = -c**3 + 3*c + 3. Let x be a(-2). Suppose -5*h = 5*d - 35, -x*h + 29 = 4*d - 